 is the hundreds digit of 18119?
1
What is the units digit of 47699?
9
What is the hundreds digit of 152?
1
What is the hundreds digit of 3760?
7
What is the tens digit of 88200?
0
What is the tens digit of 91188?
8
What is the units digit of 7179?
9
What is the tens digit of 768?
6
What is the tens digit of 2420?
2
What is the thousands digit of 98142?
8
What is the hundreds digit of 1430?
4
What is the tens digit of 27723?
2
What is the units digit of 34512?
2
What is the units digit of 4542?
2
What is the tens digit of 380?
8
What is the units digit of 1545?
5
What is the tens digit of 854?
5
What is the ten thousands digit of 48204?
4
What is the hundred thousands digit of 127372?
1
What is the hundreds digit of 927?
9
What is the units digit of 731?
1
What is the hundreds digit of 171?
1
What is the tens digit of 4655?
5
What is the hundreds digit of 644?
6
What is the thousands digit of 1212?
1
What is the tens digit of 232?
3
What is the thousands digit of 6119?
6
What is the tens digit of 2941?
4
What is the units digit of 14383?
3
What is the hundreds digit of 10256?
2
What is the units digit of 15090?
0
What is the units digit of 289?
9
What is the hundreds digit of 989?
9
What is the ten thousands digit of 15601?
1
What is the units digit of 204?
4
What is the units digit of 9224?
4
What is the units digit of 954?
4
What is the units digit of 47672?
2
What is the hundreds digit of 202?
2
What is the units digit of 37935?
5
What is the thousands digit of 11008?
1
What is the hundreds digit of 18468?
4
What is the tens digit of 165?
6
What is the units digit of 8411?
1
What is the units digit of 964?
4
What is the hundreds digit of 7375?
3
What is the tens digit of 1906?
0
What is the thousands digit of 1531?
1
What is the tens digit of 2853?
5
What is the units digit of 12550?
0
What is the thousands digit of 3049?
3
What is the units digit of 58626?
6
What is the hundreds digit of 7933?
9
What is the units digit of 28758?
8
What is the thousands digit of 24059?
4
What is the ten thousands digit of 113785?
1
What is the thousands digit of 3200?
3
What is the units digit of 11387?
7
What is the tens digit of 74731?
3
What is the hundreds digit of 1162?
1
What is the units digit of 955?
5
What is the units digit of 6710?
0
What is the thousands digit of 81324?
1
What is the ten thousands digit of 17879?
1
What is the hundreds digit of 640?
6
What is the units digit of 361?
1
What is the units digit of 30486?
6
What is the units digit of 57712?
2
What is the hundreds digit of 7622?
6
What is the hundreds digit of 719?
7
What is the thousands digit of 58314?
8
What is the tens digit of 2729?
2
What is the units digit of 117094?
4
What is the units digit of 1638?
8
What is the units digit of 4271?
1
What is the thousands digit of 13928?
3
What is the hundreds digit of 3344?
3
What is the hundreds digit of 41041?
0
What is the hundreds digit of 478?
4
What is the tens digit of 18531?
3
What is the hundreds digit of 1641?
6
What is the units digit of 8510?
0
What is the hundreds digit of 1670?
6
What is the tens digit of 899?
9
What is the thousands digit of 3941?
3
What is the tens digit of 8334?
3
What is the units digit of 117?
7
What is the hundreds digit of 4610?
6
What is the tens digit of 6792?
9
What is the hundreds digit of 644?
6
What is the tens digit of 1160?
6
What is the ten thousands digit of 32820?
3
What is the tens digit of 167?
6
What is the tens digit of 5664?
6
What is the ten thousands digit of 28902?
2
What is the hundreds digit of 5929?
9
What is the units digit of 1400?
0
What is the hundred thousands digit of 153472?
1
What is the thousands digit of 32563?
2
What is the thousands digit of 1569?
1
What is the units digit of 20222?
2
What is the tens digit of 57473?
7
What is the units digit of 2176?
6
What is the units digit of 20868?
8
What is the units digit of 645?
5
What is the tens digit of 57991?
9
What is the tens digit of 1624?
2
What is the ten thousands digit of 149952?
4
What is the hundreds digit of 100?
1
What is the units digit of 2058?
8
What is the units digit of 2783?
3
What is the units digit of 8416?
6
What is the hundreds digit of 2233?
2
What is the tens digit of 880?
8
What is the thousands digit of 4520?
4
What is the tens digit of 18468?
6
What is the tens digit of 1710?
1
What is the thousands digit of 5131?
5
What is the hundreds digit of 2708?
7
What is the tens digit of 1913?
1
What is the hundreds digit of 2764?
7
What is the hundreds digit of 2383?
3
What is the thousands digit of 1215?
1
What is the tens digit of 997?
9
What is the hundreds digit of 1340?
3
What is the tens digit of 1554?
5
What is the thousands digit of 2496?
2
What is the units digit of 240?
0
What is the ten thousands digit of 47669?
4
What is the hundreds digit of 959?
9
What is the hundreds digit of 658?
6
What is the units digit of 1495?
5
What is the thousands digit of 22569?
2
What is the ten thousands digit of 52314?
5
What is the thousands digit of 2808?
2
What is the hundreds digit of 881?
8
What is the hundreds digit of 5819?
8
What is the ten thousands digit of 41545?
4
What is the thousands digit of 1111?
1
What is the ten thousands digit of 20088?
2
What is the tens digit of 36852?
5
What is the thousands digit of 4480?
4
What is the hundreds digit of 529?
5
What is the tens digit of 12503?
0
What is the units digit of 7276?
6
What is the units digit of 2406?
6
What is the units digit of 118?
8
What is the thousands digit of 7145?
7
What is the tens digit of 2482?
8
What is the ten thousands digit of 35021?
3
What is the hundreds digit of 48740?
7
What is the hundred thousands digit of 164110?
1
What is the thousands digit of 3654?
3
What is the tens digit of 324?
2
What is the ten thousands digit of 17091?
1
What is the units digit of 22544?
4
What is the units digit of 3568?
8
What is the units digit of 334?
4
What is the tens digit of 117843?
4
What is the tens digit of 955?
5
What is the units digit of 7641?
1
What is the units digit of 6219?
9
What is the hundreds digit of 399?
3
What is the units digit of 131?
1
What is the thousands digit of 13103?
3
What is the hundreds digit of 19905?
9
What is the hundreds digit of 309?
3
What is the tens digit of 1150?
5
What is the tens digit of 2834?
3
What is the units digit of 119?
9
What is the tens digit of 2164?
6
What is the tens digit of 1199?
9
What is the hundreds digit of 55843?
8
What is the thousands digit of 1027?
1
What is the units digit of 88216?
6
What is the hundreds digit of 3632?
6
What is the thousands digit of 7531?
7
What is the tens digit of 1097?
9
What is the thousands digit of 23398?
3
What is the thousands digit of 7951?
7
What is the ten thousands digit of 34726?
3
What is the ten thousands digit of 29676?
2
What is the hundreds digit of 919?
9
What is the tens digit of 3993?
9
What is the units digit of 50372?
2
What is the tens digit of 5685?
8
What is the thousands digit of 32535?
2
What is the thousands digit of 114811?
4
What is the tens digit of 896?
9
What is the thousands digit of 10525?
0
What is the ten thousands digit of 15651?
1
What is the thousands digit of 4033?
4
What is the tens digit of 201?
0
What is the thousands digit of 21369?
1
What is the tens digit of 40547?
4
What is the ten thousands digit of 27966?
2
What is the tens digit of 87666?
6
What is the hundreds digit of 243?
2
What is the ten thousands digit of 57991?
5
What is the thousands digit of 2701?
2
What is the units digit of 2511?
1
What is the thousands digit of 1151?
1
What is the hundreds digit of 20216?
2
What is the hundreds digit of 16856?
8
What is the units digit of 355?
5
What is the hundreds digit of 6541?
5
What is the thousands digit of 2457?
2
What is the thousands digit of 9087?
9
What is the hundreds digit of 1407?
4
What is the units digit of 109993?
3
What is the ten thousands digit of 97758?
9
What is the hundreds digit of 1207?
2
What is the hundreds digit of 96514?
5
What is the tens digit of 887?
8
What is the units digit of 48712?
2
What is the thousands digit of 47345?
7
What is the thousands digit of 48519?
8
What is the hundreds digit of 10427?
4
What is the ten thousands digit of 29530?
2
What is the units digit of 38